{"id":316,"date":"2021-08-31T15:12:46","date_gmt":"2021-08-31T18:12:46","guid":{"rendered":"https:\/\/mototrilha.com.br\/classificados\/?page_id=316"},"modified":"2023-02-02T17:49:26","modified_gmt":"2023-02-02T20:49:26","slug":"ajuda","status":"publish","type":"page","link":"https:\/\/mototrilha.com.br\/classificados\/ajuda\/","title":{"rendered":"Ajuda?"},"content":{"rendered":"<p><strong>1 &#8211; O QUE EU POSSO ANUNCIAR NA PLATAFORMA?<\/strong><\/p>\n<p>Em nossa plataforma al\u00e9m das motocicletas, voc\u00ea poder\u00e1 publicar an\u00fancios de qualquer item relacionado com motociclismo, como pe\u00e7as, acess\u00f3rios, equipamentos, servi\u00e7os e at\u00e9 publicar an\u00fancios de um neg\u00f3cio (Loja) por exemplo.<\/p>\n<p><strong>2 &#8211; POSSO ANUNCIAR SEM SER REGISTRADO NO SITE?<\/strong><\/p>\n<p>N\u00e3o, para enviar publica\u00e7\u00f5es para a plataforma ser\u00e1 necess\u00e1rio efetuar o seu cadastro no site, que ser\u00e1 analisado pela equipe de administra\u00e7\u00e3o da plataforma. Para efetuar seu registro clique em em registre-se e preencha o formul\u00e1rio.<\/p>\n<p><strong>3 &#8211; QUANTO CUSTA PARA ANUNCIAR NO MOTOTRILHA?<br \/>\n<\/strong><\/p>\n<p>Oferecemos um servi\u00e7o gratuito, an\u00fancio padr\u00e3o (promocional) onde poder\u00e1 publicar seus an\u00fancios de gra\u00e7a em nosso site, por\u00e9m estes an\u00fancios n\u00e3o ter\u00e3o destaque na plataforma.<\/p>\n<p>Ofereceremos no futuro uma modalidade de an\u00fancio em destaque, que ter\u00e1 um custo para o anunciante, pois estes an\u00fancios aparecer\u00e3o em primeiro lugar nas pesquisas e ter\u00e3o lugar privilegiado no site.<\/p>\n<p>Para destacar seus an\u00fancios e aumentar suas chances de neg\u00f3cios, ser\u00e1 necess\u00e1rio entrar em contato conosco, cobramos uma pequena taxa para destacar seus an\u00fancios no topo do site.<\/p>\n<p><strong>4 &#8211; COMO SABER SE O ANUNCIANTE \u00c9 CONFI\u00c1VEL?<\/strong><\/p>\n<p>A plataforma conta com um sistema de avalia\u00e7\u00e3o, onde os usu\u00e1rios s\u00e3o avaliados em rela\u00e7\u00e3o a localiza\u00e7\u00e3o, ao servi\u00e7o prestado, quanto aos produtos e pre\u00e7os e tamb\u00e9m em rela\u00e7\u00e3o a entrega, avalie sempre um anunciante e fique de olho na reputa\u00e7\u00e3o deles antes de fechar algum neg\u00f3cio no site.<\/p>\n<p><strong>5 &#8211; OS CLASSIFICADOS MOTOTRILHA \u00c9 RESPONS\u00c1VEL PELOS ITENS ANUNCIADOS?<\/strong><\/p>\n<p>N\u00e3o, n\u00f3s apenas disponibilizamos a plataforma para aqueles que pretendem vender alguma coisa relacionada com motocicletas, os itens publicados assim como as informa\u00e7\u00f5es postadas s\u00e3o de responsabilidade do anunciante.<\/p>\n<p><strong>6 &#8211; COMO LOCALIZAR O ITEM QUE PROCURO?<\/strong><\/p>\n<p>Na p\u00e1gina principal do site, clique em an\u00fancios e em seguida em buscar an\u00fancio. Preencha o formul\u00e1rio com os crit\u00e9rios que desejar e clique em pesquisar an\u00fancio.<\/p>\n<p><strong>7 &#8211; ENCONTREI O ITEM DESEJADO, COMO ENTRO EM CONTATO COM O ANUNCIANTE?<\/strong><\/p>\n<p>Na p\u00e1gina de detalhes e visualiza\u00e7\u00e3o do item, existe um formul\u00e1rio de contato direto com o anunciante, encontrar\u00e1 tamb\u00e9m informa\u00e7\u00f5es como telefone, e-mail e redes sociais para poss\u00edvel contato.<\/p>\n<p><strong>8 &#8211; O MOTOTRILHA OFERECE AJUDA PARA PUBLICA\u00c7\u00c3O DO MEU AN\u00daNCIO?<\/strong><\/p>\n<p>Sim, estamos a disposi\u00e7\u00e3o para lhe ajudar no processo de publica\u00e7\u00e3o dos seus an\u00fancios, basta entrar em contato via e-mail solicitando ajuda, e deixando\u00a0 nome e telefone para contato.<\/p>\n<p><strong>9 &#8211; EU CONSIGO VISUALIZAR E ADMINISTRAR MEU AN\u00daNCIOS?<\/strong><\/p>\n<p>Sim claro, ao efetuar o seu cadastro na plataforma, seu perfil ser\u00e1 criado e ter\u00e1 acesso ao seu painel de controle (Dashboard). Onde poder\u00e1 visualizar, editar e apagar seus an\u00fancios, assim como administrar outros recursos da plataforma.<\/p>\n<p><strong>10 &#8211; COMO FA\u00c7O PARA PUBLICAR UM AN\u00daNCIO?<\/strong><\/p>\n<p>Bem simples, depois do seu cadastro efetuado e aprovado, ter\u00e1 acesso ao seu painel de controle, onde ir\u00e1 preencher suas informa\u00e7\u00f5es e colocar uma foto de perfil para que os visitantes do site possam lhe identificar.<\/p>\n<p>Depois de registrado aparecer\u00e1 dois links como r\u00f3tulo &#8220;ANUNCIAR&#8221;, um no menu principal do site e outro no menu do usu\u00e1rio, ao lado direito da tela, basta passar o mouse em cima do seu nome de usu\u00e1rio para acessar este menu.<\/p>\n<p>Ao clicar neste link ter\u00e1 acesso a p\u00e1gina de envio de an\u00fancios, onde basta preencher os dados do formul\u00e1rio na seguinte ordem:<\/p>\n<ul>\n<li>T\u00cdTULO DO AN\u00daNCIO.<\/li>\n<li>DESCRI\u00c7\u00c3O DO AN\u00daNCIO.<\/li>\n<li>SLOGAN PARA A PUBLICA\u00c7\u00c3O.<\/li>\n<li>PRE\u00c7O (Se for aplic\u00e1vel ao item anunciado).<\/li>\n<li>LOCALIZA\u00c7\u00c3O DO AN\u00daNCIO.<\/li>\n<li>CATEGORIA DO AN\u00daNCIO.<\/li>\n<li>MODALIDADE DO AN\u00daNCIO.<\/li>\n<li>INFORMA\u00c7\u00d5ES DE CONTATO.<\/li>\n<li>GERAR O MAPA DE LOCALIZA\u00c7\u00c3O DO AN\u00daNCIO.<\/li>\n<li>ENVIAR IMAGENS E V\u00cdDEOS DO AN\u00daNCIO (Tamanho ideal da imagem 500X500 px).<\/li>\n<\/ul>\n<p>Formul\u00e1rio preenchido, basta concordar com os termos e condi\u00e7\u00f5es e clicar em salvar, o sistema vai lhe mostrar uma visualiza\u00e7\u00e3o do seu an\u00fancio, e se estiver tudo correto basta clicar em prosseguir no topo da p\u00e1gina.<\/p>\n<p>Nossa equipe vai receber o seu an\u00fancio que ser\u00e1 analisado e liberado se estiver de acordo com as normas de publica\u00e7\u00e3o da plataforma.<\/p>\n<p>Nossa plataforma envia e-mails de tudo que acontece em rela\u00e7\u00e3o as suas publica\u00e7\u00f5es no site, fique atento!<\/p>\n<p>&nbsp;<\/p>\n","protected":false},"excerpt":{"rendered":"<p>1 &#8211; O QUE EU POSSO ANUNCIAR NA PLATAFORMA? Em nossa plataforma al\u00e9m das motocicletas, voc\u00ea poder\u00e1 publicar an\u00fancios de qualquer item relacionado com motociclismo, como pe\u00e7as, acess\u00f3rios, equipamentos, servi\u00e7os e at\u00e9 publicar an\u00fancios de um neg\u00f3cio (Loja) por exemplo. 2 &#8211; POSSO ANUNCIAR SEM SER REGISTRADO NO SITE? N\u00e3o, para enviar publica\u00e7\u00f5es para a &hellip; <a href=\"https:\/\/mototrilha.com.br\/classificados\/ajuda\/\" class=\"more-link\">Continue reading<span class=\"screen-reader-text\"> &#8220;Ajuda?&#8221;<\/span><\/a><\/p>\n","protected":false},"author":1,"featured_media":0,"parent":0,"menu_order":0,"comment_status":"closed","ping_status":"closed","template":"","meta":{"footnotes":""},"class_list":["post-316","page","type-page","status-publish","hentry"],"yoast_head":"<!-- This site is optimized with the Yoast SEO plugin v27.5 - https:\/\/yoast.com\/product\/yoast-seo-wordpress\/ -->\n<title>Ajuda? - Classificados MotoTrilha<\/title>\n<meta name=\"description\" content=\"Em nossa plataforma al\u00e9m das motocicletas, voc\u00ea poder\u00e1 publicar an\u00fancios de qualquer item relacionado com elas, como pe\u00e7as, acess\u00f3rios, equipamentos, servi\u00e7os e at\u00e9 publicar an\u00fancios de um neg\u00f3cio (Loja) por exemplo.\" \/>\n<meta name=\"robots\" content=\"index, follow, max-snippet:-1, max-image-preview:large, max-video-preview:-1\" \/>\n<link rel=\"canonical\" href=\"https:\/\/mototrilha.com.br\/classificados\/ajuda\/\" \/>\n<meta property=\"og:locale\" content=\"pt_BR\" \/>\n<meta property=\"og:type\" content=\"article\" \/>\n<meta property=\"og:title\" content=\"Ajuda? - Classificados MotoTrilha\" \/>\n<meta property=\"og:description\" content=\"Em nossa plataforma al\u00e9m das motocicletas, voc\u00ea poder\u00e1 publicar an\u00fancios de qualquer item relacionado com elas, como pe\u00e7as, acess\u00f3rios, equipamentos, servi\u00e7os e at\u00e9 publicar an\u00fancios de um neg\u00f3cio (Loja) por exemplo.\" \/>\n<meta property=\"og:url\" content=\"https:\/\/mototrilha.com.br\/classificados\/ajuda\/\" \/>\n<meta property=\"og:site_name\" content=\"Classificados MotoTrilha\" \/>\n<meta property=\"article:modified_time\" content=\"2023-02-02T20:49:26+00:00\" \/>\n<meta name=\"twitter:card\" content=\"summary_large_image\" \/>\n<meta name=\"twitter:label1\" content=\"Est. tempo de leitura\" \/>\n\t<meta name=\"twitter:data1\" content=\"4 minutos\" \/>\n<script type=\"application\/ld+json\" class=\"yoast-schema-graph\">{\"@context\":\"https:\\\/\\\/schema.org\",\"@graph\":[{\"@type\":\"WebPage\",\"@id\":\"https:\\\/\\\/mototrilha.com.br\\\/classificados\\\/ajuda\\\/\",\"url\":\"https:\\\/\\\/mototrilha.com.br\\\/classificados\\\/ajuda\\\/\",\"name\":\"Ajuda? - Classificados MotoTrilha\",\"isPartOf\":{\"@id\":\"https:\\\/\\\/mototrilha.com.br\\\/classificados\\\/#website\"},\"datePublished\":\"2021-08-31T18:12:46+00:00\",\"dateModified\":\"2023-02-02T20:49:26+00:00\",\"description\":\"Em nossa plataforma al\u00e9m das motocicletas, voc\u00ea poder\u00e1 publicar an\u00fancios de qualquer item relacionado com elas, como pe\u00e7as, acess\u00f3rios, equipamentos, servi\u00e7os e at\u00e9 publicar an\u00fancios de um neg\u00f3cio (Loja) por exemplo.\",\"breadcrumb\":{\"@id\":\"https:\\\/\\\/mototrilha.com.br\\\/classificados\\\/ajuda\\\/#breadcrumb\"},\"inLanguage\":\"pt-BR\",\"potentialAction\":[{\"@type\":\"ReadAction\",\"target\":[\"https:\\\/\\\/mototrilha.com.br\\\/classificados\\\/ajuda\\\/\"]}]},{\"@type\":\"BreadcrumbList\",\"@id\":\"https:\\\/\\\/mototrilha.com.br\\\/classificados\\\/ajuda\\\/#breadcrumb\",\"itemListElement\":[{\"@type\":\"ListItem\",\"position\":1,\"name\":\"In\u00edcio\",\"item\":\"https:\\\/\\\/mototrilha.com.br\\\/classificados\\\/\"},{\"@type\":\"ListItem\",\"position\":2,\"name\":\"Ajuda?\"}]},{\"@type\":\"WebSite\",\"@id\":\"https:\\\/\\\/mototrilha.com.br\\\/classificados\\\/#website\",\"url\":\"https:\\\/\\\/mototrilha.com.br\\\/classificados\\\/\",\"name\":\"Classificados MotoTrilha\",\"description\":\"Classificados On-Line.\",\"publisher\":{\"@id\":\"https:\\\/\\\/mototrilha.com.br\\\/classificados\\\/#organization\"},\"potentialAction\":[{\"@type\":\"SearchAction\",\"target\":{\"@type\":\"EntryPoint\",\"urlTemplate\":\"https:\\\/\\\/mototrilha.com.br\\\/classificados\\\/?s={search_term_string}\"},\"query-input\":{\"@type\":\"PropertyValueSpecification\",\"valueRequired\":true,\"valueName\":\"search_term_string\"}}],\"inLanguage\":\"pt-BR\"},{\"@type\":\"Organization\",\"@id\":\"https:\\\/\\\/mototrilha.com.br\\\/classificados\\\/#organization\",\"name\":\"Classificados MotoTrilha\",\"url\":\"https:\\\/\\\/mototrilha.com.br\\\/classificados\\\/\",\"logo\":{\"@type\":\"ImageObject\",\"inLanguage\":\"pt-BR\",\"@id\":\"https:\\\/\\\/mototrilha.com.br\\\/classificados\\\/#\\\/schema\\\/logo\\\/image\\\/\",\"url\":\"https:\\\/\\\/mototrilha.com.br\\\/classificados\\\/wp-content\\\/uploads\\\/2026\\\/04\\\/cropped-NewLogo_Class_MotoTrilha2026_450X110.jpg\",\"contentUrl\":\"https:\\\/\\\/mototrilha.com.br\\\/classificados\\\/wp-content\\\/uploads\\\/2026\\\/04\\\/cropped-NewLogo_Class_MotoTrilha2026_450X110.jpg\",\"width\":450,\"height\":110,\"caption\":\"Classificados MotoTrilha\"},\"image\":{\"@id\":\"https:\\\/\\\/mototrilha.com.br\\\/classificados\\\/#\\\/schema\\\/logo\\\/image\\\/\"}}]}<\/script>\n<!-- \/ Yoast SEO plugin. -->","yoast_head_json":{"title":"Ajuda? - Classificados MotoTrilha","description":"Em nossa plataforma al\u00e9m das motocicletas, voc\u00ea poder\u00e1 publicar an\u00fancios de qualquer item relacionado com elas, como pe\u00e7as, acess\u00f3rios, equipamentos, servi\u00e7os e at\u00e9 publicar an\u00fancios de um neg\u00f3cio (Loja) por exemplo.","robots":{"index":"index","follow":"follow","max-snippet":"max-snippet:-1","max-image-preview":"max-image-preview:large","max-video-preview":"max-video-preview:-1"},"canonical":"https:\/\/mototrilha.com.br\/classificados\/ajuda\/","og_locale":"pt_BR","og_type":"article","og_title":"Ajuda? - Classificados MotoTrilha","og_description":"Em nossa plataforma al\u00e9m das motocicletas, voc\u00ea poder\u00e1 publicar an\u00fancios de qualquer item relacionado com elas, como pe\u00e7as, acess\u00f3rios, equipamentos, servi\u00e7os e at\u00e9 publicar an\u00fancios de um neg\u00f3cio (Loja) por exemplo.","og_url":"https:\/\/mototrilha.com.br\/classificados\/ajuda\/","og_site_name":"Classificados MotoTrilha","article_modified_time":"2023-02-02T20:49:26+00:00","twitter_card":"summary_large_image","twitter_misc":{"Est. tempo de leitura":"4 minutos"},"schema":{"@context":"https:\/\/schema.org","@graph":[{"@type":"WebPage","@id":"https:\/\/mototrilha.com.br\/classificados\/ajuda\/","url":"https:\/\/mototrilha.com.br\/classificados\/ajuda\/","name":"Ajuda? - Classificados MotoTrilha","isPartOf":{"@id":"https:\/\/mototrilha.com.br\/classificados\/#website"},"datePublished":"2021-08-31T18:12:46+00:00","dateModified":"2023-02-02T20:49:26+00:00","description":"Em nossa plataforma al\u00e9m das motocicletas, voc\u00ea poder\u00e1 publicar an\u00fancios de qualquer item relacionado com elas, como pe\u00e7as, acess\u00f3rios, equipamentos, servi\u00e7os e at\u00e9 publicar an\u00fancios de um neg\u00f3cio (Loja) por exemplo.","breadcrumb":{"@id":"https:\/\/mototrilha.com.br\/classificados\/ajuda\/#breadcrumb"},"inLanguage":"pt-BR","potentialAction":[{"@type":"ReadAction","target":["https:\/\/mototrilha.com.br\/classificados\/ajuda\/"]}]},{"@type":"BreadcrumbList","@id":"https:\/\/mototrilha.com.br\/classificados\/ajuda\/#breadcrumb","itemListElement":[{"@type":"ListItem","position":1,"name":"In\u00edcio","item":"https:\/\/mototrilha.com.br\/classificados\/"},{"@type":"ListItem","position":2,"name":"Ajuda?"}]},{"@type":"WebSite","@id":"https:\/\/mototrilha.com.br\/classificados\/#website","url":"https:\/\/mototrilha.com.br\/classificados\/","name":"Classificados MotoTrilha","description":"Classificados On-Line.","publisher":{"@id":"https:\/\/mototrilha.com.br\/classificados\/#organization"},"potentialAction":[{"@type":"SearchAction","target":{"@type":"EntryPoint","urlTemplate":"https:\/\/mototrilha.com.br\/classificados\/?s={search_term_string}"},"query-input":{"@type":"PropertyValueSpecification","valueRequired":true,"valueName":"search_term_string"}}],"inLanguage":"pt-BR"},{"@type":"Organization","@id":"https:\/\/mototrilha.com.br\/classificados\/#organization","name":"Classificados MotoTrilha","url":"https:\/\/mototrilha.com.br\/classificados\/","logo":{"@type":"ImageObject","inLanguage":"pt-BR","@id":"https:\/\/mototrilha.com.br\/classificados\/#\/schema\/logo\/image\/","url":"https:\/\/mototrilha.com.br\/classificados\/wp-content\/uploads\/2026\/04\/cropped-NewLogo_Class_MotoTrilha2026_450X110.jpg","contentUrl":"https:\/\/mototrilha.com.br\/classificados\/wp-content\/uploads\/2026\/04\/cropped-NewLogo_Class_MotoTrilha2026_450X110.jpg","width":450,"height":110,"caption":"Classificados MotoTrilha"},"image":{"@id":"https:\/\/mototrilha.com.br\/classificados\/#\/schema\/logo\/image\/"}}]}},"post_mailing_queue_ids":[],"_links":{"self":[{"href":"https:\/\/mototrilha.com.br\/classificados\/wp-json\/wp\/v2\/pages\/316","targetHints":{"allow":["GET"]}}],"collection":[{"href":"https:\/\/mototrilha.com.br\/classificados\/wp-json\/wp\/v2\/pages"}],"about":[{"href":"https:\/\/mototrilha.com.br\/classificados\/wp-json\/wp\/v2\/types\/page"}],"author":[{"embeddable":true,"href":"https:\/\/mototrilha.com.br\/classificados\/wp-json\/wp\/v2\/users\/1"}],"replies":[{"embeddable":true,"href":"https:\/\/mototrilha.com.br\/classificados\/wp-json\/wp\/v2\/comments?post=316"}],"version-history":[{"count":20,"href":"https:\/\/mototrilha.com.br\/classificados\/wp-json\/wp\/v2\/pages\/316\/revisions"}],"predecessor-version":[{"id":1570,"href":"https:\/\/mototrilha.com.br\/classificados\/wp-json\/wp\/v2\/pages\/316\/revisions\/1570"}],"wp:attachment":[{"href":"https:\/\/mototrilha.com.br\/classificados\/wp-json\/wp\/v2\/media?parent=316"}],"curies":[{"name":"wp","href":"https:\/\/api.w.org\/{rel}","templated":true}]}}